 q = -586 - -855. Let g(u) = 142*u + 2*u**2 - q*u + 131*u. What is g(-2)?
0
Let r(t) = -4*t**2 - 4*t - 2. Let j(o) = -o**3 + 31*o**2 + 19*o + 130. Let m be j(32). Let s be 6/11 - (-728)/m. What is r(s)?
-10
Let f(q) = 15*q - 12. Let v(p) = -157*p + 126. Let y(t) = 21*f(t) + 2*v(t). Let n be (-3 - -2)*-1 - -2. Let d be (-1 + (-1)/3)*n. Determine y(d).
-4
Let y(f) be the third derivative of 0 - 11/24*f**4 + 134*f**2 + 0*f + 1/60*f**5 - 1/6*f**3. What is y(9)?
-19
Let t(b) = 7*b**2 - 1. Let v(m) = 3*m**2 - 44*m - 66. Let l be v(16). What is t(l)?
27
Let m(i) = -4*i - 3. Suppose -2*v - 22 = 3*d - 6, 2*d + 4*v + 16 = 0. Determine m(d).
13
Let i(n) = -n**3 + 46*n**2 + 42*n + 229. Let p be i(47). Let j(d) = d**3 + 8*d**2 + d + 6. Give j(p).
72
Let w(j) = j**3 - 17*j**2 - j - 39. Suppose -53 = -3*f + p, -2*f + 26 = -129*p + 133*p. What is w(f)?
-56
Let n(y) = -y**2 + 8*y - 4. Let w = 147 - 147. Suppose o + 5*t - 24 = -w*o, -2*o + 9 = -3*t. Give n(o).
-13
Let z be (-100 - -88)*6/4*(-2)/6. Let s(j) = j**3 - 7*j**2 - 2*j - 1. Calculate s(z).
-49
Let q(k) = -k**3 + 3*k**2 + 1. Let r(c) be the first derivative of 15*c**2/2 - 161*c - 286. Let w be r(11). Give q(w).
-15
Let o(z) = -39*z**2 - 3*z + 5. Let j(k) = -49*k**2 - 5*k + 4. Let f(i) = 4*j(i) - 5*o(i). Give f(-3).
-3
Let f(h) = h**3 - 18*h**2 + 15*h + 18. Suppose 333*i = 340*i - 119. Calculate f(i).
-16
Let y(x) = -x**2 + 165*x - 1260. Let t be y(8). Let o(u) = 13*u + 50. Calculate o(t).
-2
Let k be ((-1)/(-4))/(6/(-24))*2. Let m(t) = -2*t - 9*t + 1 + 0*t. Calculate m(k).
23
Let r be -1 + 5/((-15)/126). Let h = r + 40. Let q(a) = -6*a + 2. Let t(z) = 31*z - 10. Let k(j) = 11*q(j) + 2*t(j). Determine k(h).
14
Let z(s) be the second derivative of -s**4/6 - 15*s**3/2 - 5*s**2 - 2761*s + 3. What is z(-23)?
-33
Let g(j) = -j**3 - 14*j**2 + 25*j + 24. Let i(s) = s**3 + 13*s**2 - 24*s - 20. Let b(l) = -5*g(l) - 6*i(l). Determine b(-10).
10
Suppose 905*s + 3243 + 1429 = 1052. Let f(v) = 4*v**3 + 2*v**2 + v. Let a(k) = -3*k**3 - 3*k**2 - k + 1. Let x(y) = 3*a(y) + 2*f(y). Calculate x(s).
-9
Suppose -279*d = 331 + 785. Let i(t) = 2*t**2 - 3*t + 1. Let m(a) = -a**2 + 2*a - 1. Let n(b) = -6*i(b) - 11*m(b). Calculate n(d).
5
Let b(w) be the third derivative of w**6/120 - w**5/6 + 19*w**4/24 - 11*w**3/6 + 3392*w**2. What is b(8)?
13
Let u(h) be the first derivative of h**3/3 - 11*h**2/2 - 4*h - 666. What is u(12)?
8
Suppose -4*b - o = -5*o - 20, -4*o = 0. Suppose -b*g = c + 9, 0*c = -4*c - 2*g. Let s(f) = 6 - 2 - 4 - 3*f - c. Calculate s(-1).
2
Let v(o) be the third derivative of -o**4/8 - o**3/3 - 9846*o**2. Suppose -4*w + 6 = -7*w. Calculate v(w).
4
Let m(a) = 5*a**3 + 21*a**2 - 4*a + 4. Let p(l) = l**3 + l**2 - l + 1. Let q be 3/(-1*1) - (-380)/190. Let t(i) = q*m(i) + 4*p(i). Determine t(-17).
0
Let f(b) = 2*b - 360 + 119 + 110 + 108 - 2*b**2. Determine f(0).
-23
Let j be 18/9 - (1 - 0). Let m(u) be the third derivative of 35*u**2 - 1/6*u**3 + 11/24*u**4 + 0*u + 0. What is m(j)?
10
Let o(w) be the second derivative of w**5/20 - 7*w**4/12 + w**3 - 39*w**2/2 - 8419*w. Determine o(7).
3
Let q(b) be the third derivative of -b**5/60 - 11*b**4/24 + b**3/2 - 4118*b**2. Determine q(-4).
31
Let l(u) be the third derivative of -u**5/60 + u**4/6 + 2*u**3/3 - 53*u**2 - 11*u. Suppose 3*v = 6*v - 36. Suppose -5*h + v = -2*h. What is l(h)?
4
Let l(i) be the third derivative of i**6/120 + 11*i**5/60 + 9*i**4/8 + 2*i**3/3 - 4564*i**2. Calculate l(-3).
-5
Let z(f) = -f - 2. Let i(m) = -4*m - 2 - 10613*m**2 + 10613*m**2 - 4*m**3 - 1. Let l be i(-1). What is z(l)?
-7
Suppose -22 = 18*o - 634. Let v(g) = 2*g + o - 13 - g - 19. Calculate v(-9).
-7
Let h = -20912 + 20909. Let z(l) = 2*l**3 + l**2 + 2*l + 3. What is z(h)?
-48
Let c(d) be the second derivative of 0*d**4 + 0*d**3 - 1/60*d**5 + 0 + 3/2*d**2 + 17*d. Let t(a) be the first derivative of c(a). What is t(0)?
0
Let f(v) = 25 + 20 + 3*v**2 - 11*v + 17*v - 54. Determine f(-3).
0
Suppose -38 = -5*h + 3*x, -2*h = 3*x - 273 + 262. Let k(m) = 2*m - 3*m**2 + m**3 - 10 - 4*m**2 + 2*m. Determine k(h).
18
Let w(j) = -2*j + 11. Let g be (-32)/(-16) - (0 - 107) - 2. Suppose g - 296 = -21*k. What is w(k)?
-7
Let h(l) = -11*l - 12. Let v(b) = 30*b + 36. Suppose -40*g + 29*g = -33. Let d(f) = g*v(f) + 8*h(f). What is d(-9)?
-6
Let k(g) = 4815 + 4816 - 14457 + 16*g**2 + 4808. Give k(0).
-18
Let l be (1/(4/5))/(720/1152). Let g(v) be the first derivative of -v - 1/2*v**l - 4 + 2/3*v**3. Determine g(2).
5
Let c(t) = 5*t - 10. Let u be 198/(-288)*(0 + -4)*(-12)/(-3). What is c(u)?
45
Let v(a) = -a - 3. Suppose -f = -5, -10 = -4*z - 3*f - 3. Let x(h) = -h - 18. Let g(i) = z*v(i) + x(i). Determine g(5).
-7
Let k(b) = b**3 - 2*b**2 + 2*b - 3. Let n be (-36)/66 - (-12)/22. Suppose 5*v + 2*w - 8 = 0, -2*v + 3 = -n*v + w. Calculate k(v).
1
Let o(t) be the third derivative of -t**6/120 + t**5/15 + 11*t**4/24 + 3*t**2 - 5*t. Let v(r) = 53*r - 259. Let p be v(5). What is o(p)?
-6
Suppose -4*j + 7*y - 42 = 12*y, -30 = 2*j - 2*y. Let m(a) = 2*a**2 + 22*a - 42. Determine m(j).
10
Let x(v) = -v - 3. Let d be x(-5). Suppose 0 = -6*c + 3*c - k + 14, 3*c - 19 = -2*k. Let g(s) = 15*s**2 - 2 - s**3 + 0*s**c - s - 12*s**2. Calculate g(d).
0
Let n(f) be the first derivative of 8*f**2 + 29*f - 5523. Calculate n(-4).
-35
Let v = 483 - 478. Let a(o) be the second derivative of 1/12*o**4 + 0 + 1/20*o**v + 4*o - 1/3*o**3 + 0*o**2. Give a(-2).
0
Let n(g) = 12*g + 6. Let r = -5880 + 5876. Calculate n(r).
-42
Suppose 7*w + 4*w = w - 5*w. Let k(h) = -h**2 - h + 56. Give k(w).
56
Let h = -35861 - -35838. Let q(j) = j**3 + 20*j**2 - 66*j + 72. Determine q(h).
3
Let k(i) be the first derivative of 5*i**4/3 - i**2/2 + 203*i + 47. Let b(v) be the first derivative of k(v). Determine b(1).
19
Let d(l) = -3*l - 7 + 3*l + 3*l. Let i = -848 - -848. Suppose i = -12*v - 11*v + 115. What is d(v)?
8
Let q(j) be the second derivative of -j**4/12 + 4*j**3/3 - 33*j**2/2 - j - 2521. Give q(8).
-33
Let a(r) = r**3 + 9*r**2 - 219*r + 36. Let b(p) = -p**3 - 10*p**2 + 185*p - 35. Let q(i) = 5*a(i) + 6*b(i). Calculate q(-16).
-14
Let r(s) be the third derivative of s**6/120 + s**5/15 + 5*s**4/12 + 14*s**3/3 + s**2 + 86*s + 2. Give r(-4).
-12
Let c(a) = -75060*a**2 + 37513*a**2 + 37525*a**2. Determine c(1).
-22
Let y(g) = 2*g - 4. Let q be y(4). Let x(t) = t + 1 + 4*t + 7*t - 13*t - 5. What is x(q)?
-8
Let g(a) = a + 1. Suppose -4*o = -2*d - 72, -4*o + 55 = -3*d - 19. Suppose 0 = -o*q + 10*q - 35. Determine g(q).
-4
Let m(t) = -t**3 - 6*t**2 - 4*t - 3. Let d(i) = -i**3 + 3*i**2 - 4*i - 1. Suppose -19*s + 2 = -18*s. Let c be d(s). Determine m(c).
-8
Let t(l) = l + 8. Let u be t(-9). Let j(k) be the first derivative of -k**3/3 - 32662. Give j(u).
-1
Let q(f) = f**2 + 8*f - 10. Suppose -3285 = 49*n - 54*n. Suppose t = -n - 693. Let m be t/171 + (-2)/19. Determine q(m).
-10
Let a(l) = -6*l**3 - 2*l**2 + 8*l + 9. Let d be a(-1). Let f(k) = -17*k + 13 + 5*k**2 - 5*k**2 + k**2 + d*k. Calculate f(11).
2
Let x(m) = 109*m + 9*m**2 - 211*m + m**3 + 109*m + 4. Let k = 8 + -16. What is x(k)?
12
Suppose -70 = -39*l + 47. Let k(t) = 2*t - 145*t**l - 6 + 0*t + 144*t**3 + 3*t**2 + t. Calculate k(4).
-10
Let v(p) = 4*p. Suppose 0 = -8*n + 15*n + 7. Let o(c) = c**2 + 20*c - 3. Let f(d) = n*o(d) + 3*v(d). What is f(-8)?
3
Let l = -1 + 5. Let o(f) = f**3 - 8*f**2 - 8*f + 1. Let d be o(9). Let t(p) = -d + 5 + 2*p + 7. Calculate t(l).
10
Let z be (-669)/223*(-20)/12. Let q(i) = -6*i**3 + 10*i**2 - 3*i + 4. Let w(g) = 5*g**3 - 9*g**2 + 3*g - 4. Let a(h) = 4*q(h) + 5*w(h). Calculate a(z).
11
Let c(w) = 2*w - 12. Let q be c(-2). Let h be (q/(-2) - 1)*-1. Let v(j) be the first derivative of -j**4/4 - 7*j**3/3 + 3*j**2/2 - 3*j + 10. Calculate v(h).
-24
Let p(m) = -m**3 + 7*m**2 - 2*m - 24. Let n be p(6). Suppose n*w + 3*w - 5 = -5*c, 4*w = 4*c - 36. Let u(v) = -v**2 - 5*v + 6. What is u(w)?
6
Suppose 297*x + 1255 - 364 = 0. Let b(s) = 2*s**3 + 3*s**2 + 7*s + 8. Give b(x).
-40
Let z(y) = -3*y**2 + 9*y - 8. Let c = 261 - 255. What is z(c)?
-62
Suppose -q + 36 = 41, -3*h - 3*q - 12 = 0. Let c(s) = -6*s**3 - 3*s**2 + 7*s + 2. Let n(a) = a**3 + a**2 - a. Let d(r) = h*c(r) + 5*n(r). What is d(3)?
-1
Let g(m) = -m**3 - 29*m**2 + 33*m + 83. Let a = -42 - -12. Let j be g(a). Let 